{"id":42,"date":"2023-11-22T13:09:57","date_gmt":"2023-11-22T12:09:57","guid":{"rendered":"https:\/\/www.bella-luna.fr\/web\/?page_id=42"},"modified":"2023-11-23T18:00:33","modified_gmt":"2023-11-23T17:00:33","slug":"qui-suis-je","status":"publish","type":"page","link":"https:\/\/www.bella-luna.fr\/web\/qui-suis-je\/","title":{"rendered":"Qui suis-je ?"},"content":{"rendered":"<div class=\"wp-block-image is-style-default\">\n<figure data-wp-context=\"{&quot;imageId&quot;:&quot;69fc8c235abaa&quot;}\" data-wp-interactive=\"core\/image\" data-wp-key=\"69fc8c235abaa\" class=\"aligncenter size-full wp-lightbox-container\"><img loading=\"lazy\" decoding=\"async\" width=\"1800\" height=\"800\" data-wp-class--hide=\"state.isContentHidden\" data-wp-class--show=\"state.isContentVisible\" data-wp-init=\"callbacks.setButtonStyles\" data-wp-on--click=\"actions.showLightbox\" data-wp-on--load=\"callbacks.setButtonStyles\" data-wp-on-window--resize=\"callbacks.setButtonStyles\" src=\"https:\/\/www.bella-luna.fr\/web\/wp-content\/uploads\/2023\/11\/atelier-bella-luna-bandeau-02.jpg\" alt=\"atelier bella luna bandeau 02\" class=\"wp-image-118\" srcset=\"https:\/\/www.bella-luna.fr\/web\/wp-content\/uploads\/2023\/11\/atelier-bella-luna-bandeau-02.jpg 1800w, https:\/\/www.bella-luna.fr\/web\/wp-content\/uploads\/2023\/11\/atelier-bella-luna-bandeau-02-300x133.jpg 300w, https:\/\/www.bella-luna.fr\/web\/wp-content\/uploads\/2023\/11\/atelier-bella-luna-bandeau-02-1024x455.jpg 1024w, https:\/\/www.bella-luna.fr\/web\/wp-content\/uploads\/2023\/11\/atelier-bella-luna-bandeau-02-768x341.jpg 768w, https:\/\/www.bella-luna.fr\/web\/wp-content\/uploads\/2023\/11\/atelier-bella-luna-bandeau-02-1536x683.jpg 1536w\" sizes=\"auto, (max-width: 1800px) 100vw, 1800px\" \/><button\n\t\t\tclass=\"lightbox-trigger\"\n\t\t\ttype=\"button\"\n\t\t\taria-haspopup=\"dialog\"\n\t\t\taria-label=\"Agrandir\"\n\t\t\tdata-wp-init=\"callbacks.initTriggerButton\"\n\t\t\tdata-wp-on--click=\"actions.showLightbox\"\n\t\t\tdata-wp-style--right=\"state.imageButtonRight\"\n\t\t\tdata-wp-style--top=\"state.imageButtonTop\"\n\t\t>\n\t\t\t<svg xmlns=\"http:\/\/www.w3.org\/2000\/svg\" width=\"12\" height=\"12\" fill=\"none\" viewBox=\"0 0 12 12\">\n\t\t\t\t<path fill=\"#fff\" d=\"M2 0a2 2 0 0 0-2 2v2h1.5V2a.5.5 0 0 1 .5-.5h2V0H2Zm2 10.5H2a.5.5 0 0 1-.5-.5V8H0v2a2 2 0 0 0 2 2h2v-1.5ZM8 12v-1.5h2a.5.5 0 0 0 .5-.5V8H12v2a2 2 0 0 1-2 2H8Zm2-12a2 2 0 0 1 2 2v2h-1.5V2a.5.5 0 0 0-.5-.5H8V0h2Z\" \/>\n\t\t\t<\/svg>\n\t\t<\/button><\/figure>\n<\/div>\n\n\n<p class=\"has-text-align-center\">Bonjour, je suis <strong>Anne<\/strong>, artisan tapissi\u00e8re et d\u00e9coratrice. Je suis dipl\u00f4m\u00e9e du Centre de Formation et de l\u2019Artisanat des Landes. Form\u00e9e dans l\u2019atelier <em>Anassise<\/em>, j&rsquo;ai compl\u00e9t\u00e9 ma formation initiale par une sp\u00e9cialisation en confection de voilages et rideaux.<\/p>\n\n\n\n<p class=\"has-text-align-center\">Passionn\u00e9e par mon m\u00e9tier, j&rsquo;ai d\u00e9cid\u00e9 de me lancer, d\u2019o\u00f9 la naissance de l\u2019<strong>Atelier Bella Luna<\/strong>. Je cr\u00e9e et r\u00e9nove des fauteuils, chaises et t\u00eates de lits et pour votre d\u00e9coration d\u2019int\u00e9rieur, je r\u00e9alise la confection de rideaux et de voilage sur mesure.<\/p>\n\n\n\n<p class=\"has-text-align-center\">J\u2019interviens sur les d\u00e9partements des <strong>Landes<\/strong> et des <strong>Pyr\u00e9n\u00e9es Atlantiques<\/strong> et je suis \u00e0 votre disposition pour \u00e9tudier votre projet et trouver ensemble le tissu qui correspondra pour le mieux \u00e0 votre int\u00e9rieur et \u00e0 vos envies.<br><br>\u00c0 tr\u00e8s bient\u00f4t ! &#8230;<\/p>\n\n\n\n<hr class=\"wp-block-separator has-text-color has-luminous-vivid-amber-color has-alpha-channel-opacity has-luminous-vivid-amber-background-color has-background is-style-wide\"\/>\n\n\n\n<p class=\"has-text-align-center\"><div class=\"rl-gallery-container rl-loading\" id=\"rl-gallery-container-1\" data-gallery_id=\"219\"> <div class=\"rl-gallery rl-basicmasonry-gallery rl-hover-effect-1 rl-hover-icon-2\" id=\"rl-gallery-1\" data-gallery_no=\"1\"> <div class=\"rl-gutter-sizer\"><\/div><div class=\"rl-grid-sizer\"><\/div> <div class=\"rl-gallery-item rl-gallery-item-width-4\" > <div class=\"rl-gallery-item-content\"> <a href=\"https:\/\/www.bella-luna.fr\/web\/wp-content\/uploads\/2023\/11\/atelier-bella-luna-rideau-05.jpg\" title=\"\" data-rl_title=\"\" class=\"rl-gallery-link\" data-rl_caption=\"\" data-rel=\"lightbox-gallery-1\"><img loading=\"lazy\" decoding=\"async\" src=\"https:\/\/www.bella-luna.fr\/web\/wp-content\/uploads\/2023\/11\/atelier-bella-luna-rideau-05.jpg\" width=\"800\" height=\"800\" alt=\"atelier bella luna rideau 05\" \/><\/a> <\/div> <\/div> <div class=\"rl-gallery-item\" > <div class=\"rl-gallery-item-content\"> <a href=\"https:\/\/www.bella-luna.fr\/web\/wp-content\/uploads\/2023\/11\/atelier-bella-luna-rideau-07.jpg\" title=\"\" data-rl_title=\"\" class=\"rl-gallery-link\" data-rl_caption=\"\" data-rel=\"lightbox-gallery-1\"><img loading=\"lazy\" decoding=\"async\" src=\"https:\/\/www.bella-luna.fr\/web\/wp-content\/uploads\/2023\/11\/atelier-bella-luna-rideau-07.jpg\" width=\"800\" height=\"800\" alt=\"atelier bella luna rideau 07\" \/><\/a> <\/div> <\/div> <div class=\"rl-gallery-item\" > <div class=\"rl-gallery-item-content\"> <a href=\"https:\/\/www.bella-luna.fr\/web\/wp-content\/uploads\/2023\/11\/atelier-bella-luna-fauteuil-voltaire-108.jpg\" title=\"\" data-rl_title=\"\" class=\"rl-gallery-link\" data-rl_caption=\"\" data-rel=\"lightbox-gallery-1\"><img loading=\"lazy\" decoding=\"async\" src=\"https:\/\/www.bella-luna.fr\/web\/wp-content\/uploads\/2023\/11\/atelier-bella-luna-fauteuil-voltaire-108.jpg\" width=\"800\" height=\"800\" alt=\"atelier bella luna fauteuil voltaire 108\" \/><\/a> <\/div> <\/div> <div class=\"rl-gallery-item\" > <div class=\"rl-gallery-item-content\"> <a href=\"https:\/\/www.bella-luna.fr\/web\/wp-content\/uploads\/2023\/11\/atelier-bella-luna-fauteuil-cabriolet-louis-xv-102.jpg\" title=\"\" data-rl_title=\"\" class=\"rl-gallery-link\" data-rl_caption=\"\" data-rel=\"lightbox-gallery-1\"><img loading=\"lazy\" decoding=\"async\" src=\"https:\/\/www.bella-luna.fr\/web\/wp-content\/uploads\/2023\/11\/atelier-bella-luna-fauteuil-cabriolet-louis-xv-102.jpg\" width=\"800\" height=\"800\" alt=\"atelier bella luna fauteuil cabriolet louis xv 102\" \/><\/a> <\/div> <\/div> <div class=\"rl-gallery-item\" > <div class=\"rl-gallery-item-content\"> <a href=\"https:\/\/www.bella-luna.fr\/web\/wp-content\/uploads\/2023\/11\/atelier-bella-luna-fauteuil-cabriolet-louis-xv-106.jpg\" title=\"\" data-rl_title=\"\" class=\"rl-gallery-link\" data-rl_caption=\"\" data-rel=\"lightbox-gallery-1\"><img loading=\"lazy\" decoding=\"async\" src=\"https:\/\/www.bella-luna.fr\/web\/wp-content\/uploads\/2023\/11\/atelier-bella-luna-fauteuil-cabriolet-louis-xv-106.jpg\" width=\"800\" height=\"800\" alt=\"atelier bella luna fauteuil cabriolet louis xv 106\" \/><\/a> <\/div> <\/div> <\/div> <\/div><\/p>\n\n\n\n<hr class=\"wp-block-separator has-text-color has-luminous-vivid-amber-color has-alpha-channel-opacity has-luminous-vivid-amber-background-color has-background is-style-wide\"\/>\n","protected":false},"excerpt":{"rendered":"<p>Bonjour, je suis Anne, artisan tapissi\u00e8re et d\u00e9coratrice, et je suis dipl\u00f4m\u00e9e du centre de formation et de l\u2019artisanat des Landes &#8230;<\/p>\n","protected":false},"author":1,"featured_media":118,"parent":0,"menu_order":0,"comment_status":"closed","ping_status":"closed","template":"template-fullwidth.php","meta":{"footnotes":""},"class_list":["post-42","page","type-page","status-publish","has-post-thumbnail","hentry"],"yoast_head":"<!-- This site is optimized with the Yoast SEO plugin v27.0 - https:\/\/yoast.com\/product\/yoast-seo-wordpress\/ -->\n<title>Qui suis-je ? - Atelier Bella Luna<\/title>\n<meta name=\"robots\" content=\"index, follow, max-snippet:-1, max-image-preview:large, max-video-preview:-1\" \/>\n<link rel=\"canonical\" href=\"https:\/\/www.bella-luna.fr\/web\/qui-suis-je\/\" \/>\n<meta property=\"og:locale\" content=\"fr_FR\" \/>\n<meta property=\"og:type\" content=\"article\" \/>\n<meta property=\"og:title\" content=\"Qui suis-je ? - Atelier Bella Luna\" \/>\n<meta property=\"og:description\" content=\"Bonjour, je suis Anne, artisan tapissi\u00e8re et d\u00e9coratrice, et je suis dipl\u00f4m\u00e9e du centre de formation et de l\u2019artisanat des Landes ...\" \/>\n<meta property=\"og:url\" content=\"https:\/\/www.bella-luna.fr\/web\/qui-suis-je\/\" \/>\n<meta property=\"og:site_name\" content=\"Atelier Bella Luna\" \/>\n<meta property=\"article:publisher\" content=\"https:\/\/www.facebook.com\/profile.php?id=61553434523117&amp;locale=fr_FR\" \/>\n<meta property=\"article:modified_time\" content=\"2023-11-23T17:00:33+00:00\" \/>\n<meta property=\"og:image\" content=\"https:\/\/www.bella-luna.fr\/web\/wp-content\/uploads\/2023\/11\/atelier-bella-luna-bandeau-02.jpg\" \/>\n\t<meta property=\"og:image:width\" content=\"1800\" \/>\n\t<meta property=\"og:image:height\" content=\"800\" \/>\n\t<meta property=\"og:image:type\" content=\"image\/jpeg\" \/>\n<meta name=\"twitter:card\" content=\"summary_large_image\" \/>\n<meta name=\"twitter:site\" content=\"@Anne_Bella_Luna\" \/>\n<meta name=\"twitter:label1\" content=\"Dur\u00e9e de lecture estim\u00e9e\" \/>\n\t<meta name=\"twitter:data1\" content=\"1 minute\" \/>\n<script type=\"application\/ld+json\" class=\"yoast-schema-graph\">{\"@context\":\"https:\/\/schema.org\",\"@graph\":[{\"@type\":\"WebPage\",\"@id\":\"https:\/\/www.bella-luna.fr\/web\/qui-suis-je\/\",\"url\":\"https:\/\/www.bella-luna.fr\/web\/qui-suis-je\/\",\"name\":\"Qui suis-je ? - Atelier Bella Luna\",\"isPartOf\":{\"@id\":\"https:\/\/www.bella-luna.fr\/web\/#website\"},\"primaryImageOfPage\":{\"@id\":\"https:\/\/www.bella-luna.fr\/web\/qui-suis-je\/#primaryimage\"},\"image\":{\"@id\":\"https:\/\/www.bella-luna.fr\/web\/qui-suis-je\/#primaryimage\"},\"thumbnailUrl\":\"https:\/\/www.bella-luna.fr\/web\/wp-content\/uploads\/2023\/11\/atelier-bella-luna-bandeau-02.jpg\",\"datePublished\":\"2023-11-22T12:09:57+00:00\",\"dateModified\":\"2023-11-23T17:00:33+00:00\",\"breadcrumb\":{\"@id\":\"https:\/\/www.bella-luna.fr\/web\/qui-suis-je\/#breadcrumb\"},\"inLanguage\":\"fr-FR\",\"potentialAction\":[{\"@type\":\"ReadAction\",\"target\":[\"https:\/\/www.bella-luna.fr\/web\/qui-suis-je\/\"]}]},{\"@type\":\"ImageObject\",\"inLanguage\":\"fr-FR\",\"@id\":\"https:\/\/www.bella-luna.fr\/web\/qui-suis-je\/#primaryimage\",\"url\":\"https:\/\/www.bella-luna.fr\/web\/wp-content\/uploads\/2023\/11\/atelier-bella-luna-bandeau-02.jpg\",\"contentUrl\":\"https:\/\/www.bella-luna.fr\/web\/wp-content\/uploads\/2023\/11\/atelier-bella-luna-bandeau-02.jpg\",\"width\":1800,\"height\":800,\"caption\":\"atelier bella luna bandeau 02\"},{\"@type\":\"BreadcrumbList\",\"@id\":\"https:\/\/www.bella-luna.fr\/web\/qui-suis-je\/#breadcrumb\",\"itemListElement\":[{\"@type\":\"ListItem\",\"position\":1,\"name\":\"Accueil\",\"item\":\"https:\/\/www.bella-luna.fr\/web\/\"},{\"@type\":\"ListItem\",\"position\":2,\"name\":\"Qui suis-je ?\"}]},{\"@type\":\"WebSite\",\"@id\":\"https:\/\/www.bella-luna.fr\/web\/#website\",\"url\":\"https:\/\/www.bella-luna.fr\/web\/\",\"name\":\"Atelier Bella Luna\",\"description\":\"Tapissi\u00e8re-d\u00e9coratrice\",\"publisher\":{\"@id\":\"https:\/\/www.bella-luna.fr\/web\/#organization\"},\"potentialAction\":[{\"@type\":\"SearchAction\",\"target\":{\"@type\":\"EntryPoint\",\"urlTemplate\":\"https:\/\/www.bella-luna.fr\/web\/?s={search_term_string}\"},\"query-input\":{\"@type\":\"PropertyValueSpecification\",\"valueRequired\":true,\"valueName\":\"search_term_string\"}}],\"inLanguage\":\"fr-FR\"},{\"@type\":\"Organization\",\"@id\":\"https:\/\/www.bella-luna.fr\/web\/#organization\",\"name\":\"Atelier Bella Luna\",\"url\":\"https:\/\/www.bella-luna.fr\/web\/\",\"logo\":{\"@type\":\"ImageObject\",\"inLanguage\":\"fr-FR\",\"@id\":\"https:\/\/www.bella-luna.fr\/web\/#\/schema\/logo\/image\/\",\"url\":\"https:\/\/www.bella-luna.fr\/web\/wp-content\/uploads\/2023\/11\/Atelier-Bella-Luna_logo_300x170px.png\",\"contentUrl\":\"https:\/\/www.bella-luna.fr\/web\/wp-content\/uploads\/2023\/11\/Atelier-Bella-Luna_logo_300x170px.png\",\"width\":300,\"height\":170,\"caption\":\"Atelier Bella Luna\"},\"image\":{\"@id\":\"https:\/\/www.bella-luna.fr\/web\/#\/schema\/logo\/image\/\"},\"sameAs\":[\"https:\/\/www.facebook.com\/profile.php?id=61553434523117&locale=fr_FR\",\"https:\/\/x.com\/Anne_Bella_Luna\",\"https:\/\/www.linkedin.com\/in\/anne-ngono-leconte-920241320\/\",\"https:\/\/fr.pinterest.com\/Atelier_Bella_Luna\/\",\"https:\/\/www.instagram.com\/atelier_bellaluna\/\"]}]}<\/script>\n<!-- \/ Yoast SEO plugin. -->","yoast_head_json":{"title":"Qui suis-je ? - Atelier Bella Luna","robots":{"index":"index","follow":"follow","max-snippet":"max-snippet:-1","max-image-preview":"max-image-preview:large","max-video-preview":"max-video-preview:-1"},"canonical":"https:\/\/www.bella-luna.fr\/web\/qui-suis-je\/","og_locale":"fr_FR","og_type":"article","og_title":"Qui suis-je ? - Atelier Bella Luna","og_description":"Bonjour, je suis Anne, artisan tapissi\u00e8re et d\u00e9coratrice, et je suis dipl\u00f4m\u00e9e du centre de formation et de l\u2019artisanat des Landes ...","og_url":"https:\/\/www.bella-luna.fr\/web\/qui-suis-je\/","og_site_name":"Atelier Bella Luna","article_publisher":"https:\/\/www.facebook.com\/profile.php?id=61553434523117&locale=fr_FR","article_modified_time":"2023-11-23T17:00:33+00:00","og_image":[{"width":1800,"height":800,"url":"https:\/\/www.bella-luna.fr\/web\/wp-content\/uploads\/2023\/11\/atelier-bella-luna-bandeau-02.jpg","type":"image\/jpeg"}],"twitter_card":"summary_large_image","twitter_site":"@Anne_Bella_Luna","twitter_misc":{"Dur\u00e9e de lecture estim\u00e9e":"1 minute"},"schema":{"@context":"https:\/\/schema.org","@graph":[{"@type":"WebPage","@id":"https:\/\/www.bella-luna.fr\/web\/qui-suis-je\/","url":"https:\/\/www.bella-luna.fr\/web\/qui-suis-je\/","name":"Qui suis-je ? - Atelier Bella Luna","isPartOf":{"@id":"https:\/\/www.bella-luna.fr\/web\/#website"},"primaryImageOfPage":{"@id":"https:\/\/www.bella-luna.fr\/web\/qui-suis-je\/#primaryimage"},"image":{"@id":"https:\/\/www.bella-luna.fr\/web\/qui-suis-je\/#primaryimage"},"thumbnailUrl":"https:\/\/www.bella-luna.fr\/web\/wp-content\/uploads\/2023\/11\/atelier-bella-luna-bandeau-02.jpg","datePublished":"2023-11-22T12:09:57+00:00","dateModified":"2023-11-23T17:00:33+00:00","breadcrumb":{"@id":"https:\/\/www.bella-luna.fr\/web\/qui-suis-je\/#breadcrumb"},"inLanguage":"fr-FR","potentialAction":[{"@type":"ReadAction","target":["https:\/\/www.bella-luna.fr\/web\/qui-suis-je\/"]}]},{"@type":"ImageObject","inLanguage":"fr-FR","@id":"https:\/\/www.bella-luna.fr\/web\/qui-suis-je\/#primaryimage","url":"https:\/\/www.bella-luna.fr\/web\/wp-content\/uploads\/2023\/11\/atelier-bella-luna-bandeau-02.jpg","contentUrl":"https:\/\/www.bella-luna.fr\/web\/wp-content\/uploads\/2023\/11\/atelier-bella-luna-bandeau-02.jpg","width":1800,"height":800,"caption":"atelier bella luna bandeau 02"},{"@type":"BreadcrumbList","@id":"https:\/\/www.bella-luna.fr\/web\/qui-suis-je\/#breadcrumb","itemListElement":[{"@type":"ListItem","position":1,"name":"Accueil","item":"https:\/\/www.bella-luna.fr\/web\/"},{"@type":"ListItem","position":2,"name":"Qui suis-je ?"}]},{"@type":"WebSite","@id":"https:\/\/www.bella-luna.fr\/web\/#website","url":"https:\/\/www.bella-luna.fr\/web\/","name":"Atelier Bella Luna","description":"Tapissi\u00e8re-d\u00e9coratrice","publisher":{"@id":"https:\/\/www.bella-luna.fr\/web\/#organization"},"potentialAction":[{"@type":"SearchAction","target":{"@type":"EntryPoint","urlTemplate":"https:\/\/www.bella-luna.fr\/web\/?s={search_term_string}"},"query-input":{"@type":"PropertyValueSpecification","valueRequired":true,"valueName":"search_term_string"}}],"inLanguage":"fr-FR"},{"@type":"Organization","@id":"https:\/\/www.bella-luna.fr\/web\/#organization","name":"Atelier Bella Luna","url":"https:\/\/www.bella-luna.fr\/web\/","logo":{"@type":"ImageObject","inLanguage":"fr-FR","@id":"https:\/\/www.bella-luna.fr\/web\/#\/schema\/logo\/image\/","url":"https:\/\/www.bella-luna.fr\/web\/wp-content\/uploads\/2023\/11\/Atelier-Bella-Luna_logo_300x170px.png","contentUrl":"https:\/\/www.bella-luna.fr\/web\/wp-content\/uploads\/2023\/11\/Atelier-Bella-Luna_logo_300x170px.png","width":300,"height":170,"caption":"Atelier Bella Luna"},"image":{"@id":"https:\/\/www.bella-luna.fr\/web\/#\/schema\/logo\/image\/"},"sameAs":["https:\/\/www.facebook.com\/profile.php?id=61553434523117&locale=fr_FR","https:\/\/x.com\/Anne_Bella_Luna","https:\/\/www.linkedin.com\/in\/anne-ngono-leconte-920241320\/","https:\/\/fr.pinterest.com\/Atelier_Bella_Luna\/","https:\/\/www.instagram.com\/atelier_bellaluna\/"]}]}},"_links":{"self":[{"href":"https:\/\/www.bella-luna.fr\/web\/wp-json\/wp\/v2\/pages\/42","targetHints":{"allow":["GET"]}}],"collection":[{"href":"https:\/\/www.bella-luna.fr\/web\/wp-json\/wp\/v2\/pages"}],"about":[{"href":"https:\/\/www.bella-luna.fr\/web\/wp-json\/wp\/v2\/types\/page"}],"author":[{"embeddable":true,"href":"https:\/\/www.bella-luna.fr\/web\/wp-json\/wp\/v2\/users\/1"}],"replies":[{"embeddable":true,"href":"https:\/\/www.bella-luna.fr\/web\/wp-json\/wp\/v2\/comments?post=42"}],"version-history":[{"count":14,"href":"https:\/\/www.bella-luna.fr\/web\/wp-json\/wp\/v2\/pages\/42\/revisions"}],"predecessor-version":[{"id":220,"href":"https:\/\/www.bella-luna.fr\/web\/wp-json\/wp\/v2\/pages\/42\/revisions\/220"}],"wp:featuredmedia":[{"embeddable":true,"href":"https:\/\/www.bella-luna.fr\/web\/wp-json\/wp\/v2\/media\/118"}],"wp:attachment":[{"href":"https:\/\/www.bella-luna.fr\/web\/wp-json\/wp\/v2\/media?parent=42"}],"curies":[{"name":"wp","href":"https:\/\/api.w.org\/{rel}","templated":true}]}}